{"id":41,"date":"2025-05-19T18:46:12","date_gmt":"2025-05-19T16:46:12","guid":{"rendered":"https:\/\/keratynowe.pl\/?page_id=41"},"modified":"2025-05-19T21:38:36","modified_gmt":"2025-05-19T19:38:36","slug":"szkolenia","status":"publish","type":"page","link":"https:\/\/keratynowe.pl\/?page_id=41","title":{"rendered":"Szkolenia"},"content":{"rendered":"<p class=\"has-background\" style=\"background-color:#f78da84f\">Oferujemy indywidualne szkolenie z zaawansowanych zabieg\u00f3w rekonstrukcji oraz piel\u0119gnacji w\u0142os\u00f3w prowadzone przez Alicj\u0119 Jasku\u0142\u0119 \u2013 mistrza w dziedzinie keratynowego prostowania i nowoczesnych technik odbudowy w\u0142os\u00f3w<\/p><p class=\"has-background\" style=\"background-color:#f78da84f\"><strong>Co zyskujesz, wybieraj\u0105c moje szkolenia?<\/strong><\/p><ol class=\"wp-block-list\"><li><strong>Pe\u0142ne wsparcie mentorskie<\/strong><ul class=\"wp-block-list\"><li>Analiza Twoich dotychczasowych umiej\u0119tno\u015bci i cel\u00f3w zawodowych<\/li>\n\n<li>Sesje Q&amp;A, w kt\u00f3rych mo\u017cesz zadawa\u0107 pytania w czasie rzeczywistym<\/li><\/ul><\/li>\n\n<li><strong>Warsztat z keratynowego prostowania<\/strong><ul class=\"wp-block-list\"><li>Dob\u00f3r preparat\u00f3w idealnych do r\u00f3\u017cnych typ\u00f3w i kondycji w\u0142os\u00f3w<\/li>\n\n<li>Technika oczyszczania i przygotowania pasm przed zabiegiem<\/li>\n\n<li>Precyzyjna aplikacja i modelowanie prostownic\u0105 dla trwa\u0142ego efektu<\/li>\n\n<li>Porady, jak minimalizowa\u0107 uszkodzenia i wyd\u0142u\u017ca\u0107 \u017cywotno\u015b\u0107 zabieg\u00f3w prostuj\u0105cych i piel\u0119gnacyjnych<\/li><\/ul><\/li>\n\n<li><strong>Diagnostyka i piel\u0119gnacja<\/strong><ul class=\"wp-block-list\"><li>Ocena porowato\u015bci i struktury w\u0142osa przed ka\u017cdym zabiegiem<\/li>\n\n<li>Dob\u00f3r kuracji wzmacniaj\u0105cych i regeneruj\u0105cych<\/li>\n\n<li>Program piel\u0119gnacji domowej \u2013 rekomendowane marki i routine<\/li><\/ul><\/li>\n\n<li><strong>Zarz\u0105dzanie klientem i sprzeda\u017c us\u0142ug<\/strong><ul class=\"wp-block-list\"><li>Budowanie bezpiecznej relacji i pozyskiwanie zaufania <\/li>\n\n<li>Propozycja indywidualnych pakiet\u00f3w i upselling<\/li>\n\n<li>Wykorzystanie digital marketingu (media spo\u0142eczno\u015bciowe, Booksy) do rezerwacji<\/li><\/ul><\/li><\/ol><p class=\"has-background\" style=\"background-color:#f78da84f\"><strong>Format szkolenia:<\/strong><\/p><ul class=\"wp-block-list\"><li>Czas trwania: 1\u20132 dni (do ustalenia indywidualnie)<\/li>\n\n<li>Miejsce: salon Alchem\u00e8 Beauty we Wroc\u0142awiu lub u Ciebie w salonie (mobilnie)<\/li>\n\n<li>Liczba uczestnik\u00f3w: 1\u20132 osoby, aby zapewni\u0107 pe\u0142ne wsparcie<\/li>\n\n<li>mo\u017cliwo\u015b\u0107 skorzystania z dofinansowania z UP -plac\u00f3wka szkoleniowa wpisana do rejestru RIS<\/li><\/ul><p class=\"has-background\" style=\"background-color:#f78da84f\"><strong>Korzy\u015bci po szkoleniu:<\/strong><\/p><ul class=\"wp-block-list\"><li>Certyfikat uko\u0144czenia szkolenia<\/li>\n\n<li>Materia\u0142y szkoleniowe i receptury kosmetyk\u00f3w<\/li>\n\n<li>Dost\u0119p do grupy  na Facebooku z dalszym wsparciem<\/li><\/ul><hr class=\"wp-block-separator has-alpha-channel-opacity\"\/><p class=\"has-background\" style=\"background-color:#f78da84f\"><strong>Jak si\u0119 zapisa\u0107?<\/strong><br>Wy\u015blij wiadomo\u015b\u0107 na WhatsApp pod numer +48 501 738 269 lub napisz maila na <a>alcheme.beauty2@gmail.com<\/a>, a skontaktujemy si\u0119 z Tob\u0105 w ci\u0105gu 24 godzin, by ustali\u0107 szczeg\u00f3\u0142y terminu i programu.<\/p><p class=\"has-background\" style=\"background-color:#f78da84f\">Do zobaczenia, Alicja!<\/p><p><\/p>","protected":false},"excerpt":{"rendered":"<p>Oferujemy indywidualne szkolenie z zaawansowanych zabieg\u00f3w rekonstrukcji oraz piel\u0119gnacji w\u0142os\u00f3w prowadzone przez Alicj\u0119 Jasku\u0142\u0119 \u2013 mistrza w dziedzinie keratynowego prostowania i nowoczesnych technik odbudowy w\u0142os\u00f3w Co zyskujesz, wybieraj\u0105c moje szkolenia? Format szkolenia: Korzy\u015bci po szkoleniu: Jak si\u0119 zapisa\u0107?Wy\u015blij wiadomo\u015b\u0107 na WhatsApp pod numer +48 501 738 269 lub napisz maila na alcheme.beauty2@gmail.com, a skontaktujemy si\u0119 &hellip; <\/p>\n","protected":false},"author":1,"featured_media":0,"parent":0,"menu_order":0,"comment_status":"closed","ping_status":"closed","template":"","meta":{"footnotes":""},"class_list":["post-41","page","type-page","status-publish","hentry"],"_links":{"self":[{"href":"https:\/\/keratynowe.pl\/index.php?rest_route=\/wp\/v2\/pages\/41","targetHints":{"allow":["GET"]}}],"collection":[{"href":"https:\/\/keratynowe.pl\/index.php?rest_route=\/wp\/v2\/pages"}],"about":[{"href":"https:\/\/keratynowe.pl\/index.php?rest_route=\/wp\/v2\/types\/page"}],"author":[{"embeddable":true,"href":"https:\/\/keratynowe.pl\/index.php?rest_route=\/wp\/v2\/users\/1"}],"replies":[{"embeddable":true,"href":"https:\/\/keratynowe.pl\/index.php?rest_route=%2Fwp%2Fv2%2Fcomments&post=41"}],"version-history":[{"count":5,"href":"https:\/\/keratynowe.pl\/index.php?rest_route=\/wp\/v2\/pages\/41\/revisions"}],"predecessor-version":[{"id":79,"href":"https:\/\/keratynowe.pl\/index.php?rest_route=\/wp\/v2\/pages\/41\/revisions\/79"}],"wp:attachment":[{"href":"https:\/\/keratynowe.pl\/index.php?rest_route=%2Fwp%2Fv2%2Fmedia&parent=41"}],"curies":[{"name":"wp","href":"https:\/\/api.w.org\/{rel}","templated":true}]}}